3*x - 1192 = 2*q. What is the tens digit of x?
9
Let w = -103 + 54. Let k = w + 77. What is the tens digit of k?
2
Let p = -845 + 865. What is the tens digit of p?
2
Suppose 3*u + 38 = 53. What is the units digit of (240/3)/(5/u)?
0
Let q(v) = 8*v**3 - 4*v**2 + 2*v + 6. Let p be (24/24)/((-1)/(-6)*2). What is the hundreds digit of q(p)?
1
Let x = 37 + -42. What is the hundreds digit of 190/(-3)*12/x?
1
Let f(l) = l + 33 + 10 - l**2 + 38. What is the units digit of f(0)?
1
Suppose 0 = 7*k - 6*k. Suppose 2*s - 23 - 45 = k. Let h = 54 - s. What is the tens digit of h?
2
Let k(h) = h + 8. Let m(y) be the second derivative of y**4/12 - 4*y**3/3 + 4*y**2 - 4*y. Let g be m(6). What is the units digit of k(g)?
4
Let m(g) = 2*g - 2. Suppose -2 = 13*r - 15*r. Let p be m(r). Suppose p = -0*o - o + 72. What is the tens digit of o?
7
Let r = 2167 + -1517. What is the tens digit of r?
5
Let o(u) = -3*u + 97. Let q be o(0). Let l = -41 + q. Let v = 13 + l. What is the units digit of v?
9
Let c(g) = -g - 1. Let n be c(-5). Suppose 4*w - 6 = -f, -n*f - 5*w = -3*f - 6. Suppose 5*z - f*z = -6. What is the units digit of z?
6
Suppose 0 = 280*u - 263*u - 5423. What is the units digit of u?
9
Let z(d) = -d**3 + 11*d**2 - d + 40. What is the tens digit of z(11)?
2
Suppose 4*w = 3*m - 3668 - 822, -2*m - 4*w + 2960 = 0. Suppose 8*u - m = 3*u. What is the tens digit of u?
9
Let g be (-2)/1 - (-3 + -4). Suppose 0 = -b - g*b - 120. What is the units digit of ((-30)/b)/((-2)/(-20))?
5
Let v = 31 - 27. Suppose f = 5*l - 83, 64 = v*l - 0*f - 2*f. What is the tens digit of l?
1
Suppose -4*z = -3*z. Suppose z = 5*a - 129 - 51. Suppose 3*c - 2*j - 57 = j, 3*j = 2*c - a. What is the units digit of c?
1
Let p(v) be the third derivative of v**5/60 + v**4/8 - v**3/2 + v**2. Let k be p(2). Let d(x) = -x**2 + 15*x + 3. What is the tens digit of d(k)?
5
Let d = 95 - 51. Suppose 2*o - 2*p = -d + 338, 436 = 3*o - 4*p. What is the tens digit of o?
5
Let u = 1 - -36. Suppose i + 10 + 10 = 2*r, -2*i = 3*r - u. What is the tens digit of r?
1
Let l(m) = 247*m - 392. What is the thousands digit of l(12)?
2
Let o(h) = -3*h**2 - 19*h + 8. Let j(b) = -10*b**2 - 58*b + 23. Let g(s) = -2*j(s) + 7*o(s). What is the tens digit of g(-13)?
6
Let y(r) = 60*r - 25. What is the hundreds digit of y(4)?
2
Let x(d) = -8*d - 9. Let u(i) = -3*i - 3. Let n(a) = 11*u(a) - 4*x(a). Let f be n(6). What is the tens digit of (-2 - f/2)*-40?
2
Suppose -5*m - 5*f + 95 = 0, m + 88 = 6*m - 2*f. Let w = m - 13. Suppose -2*x + 4*p = -52, 3*x + w*p = 11 + 23. What is the units digit of x?
8
What is the hundreds digit of 339/2 + 45/(-18)?
1
Let n(i) = 3*i**2 + 16*i + 7. What is the tens digit of n(-14)?
7
Suppose 9*n - 21 = -30. Let f(y) be the first derivative of -4*y**2 + y + 1. What is the units digit of f(n)?
9
Suppose -2*t - r + 44 = 13, r = 5*t - 67. Let l(j) = -1 + 15*j + 20 - t*j. What is the units digit of l(0)?
9
Let v(g) = -g**2 - 25*g - 5. Let p be v(-11). Let i = -106 + p. What is the units digit of i?
3
Let q(l) = -l**2 + 8*l - 14. Let n be q(7). Let o(i) = -i**2 - 7*i - 3. Let k be o(n). Let d = k + 4. What is the units digit of d?
1
Let a be -3 - (25 + -2)*-1. Let u be (-7)/((-42)/a)*3. Let g = 38 - u. What is the tens digit of g?
2
Suppose 4*m = 10 + 10. Suppose -p = -3*h - 0*p + 1, -m*p + 23 = -h. Suppose -22 = -q - 4*c + h*c, 4*q + 2*c = 64. What is the tens digit of q?
1
Suppose 0 = d + 3*g + 68 - 173, -3*d + g = -265. What is the tens digit of d?
9
Let r = 26 + -31. Let k(c) = 9*c**2 + c + 12. What is the hundreds digit of k(r)?
2
Suppose 3*z + 1 = 2*z, f = -5*z - 120. Let j be ((-194)/(-6))/((-1)/(-6)). Let c = j + f. What is the units digit of c?
9
Let z be (9/(18/(-4)))/((-1)/21). Suppose -5*c + 18 = -2*h, 2*c - 13 = -c - h. What is the tens digit of (14/c)/(3/z)?
4
Let k = -267 - -345. What is the tens digit of k?
7
Let m(b) = b**3 - 11*b**2 - 20 - 179*b - 190*b + 382*b. What is the tens digit of m(10)?
1
Let o be 2 + -4 + (-4)/(-2). Suppose 2*i + i = o. Let u(s) = s**2 - s + 27. What is the tens digit of u(i)?
2
Suppose 2*h = d + 36, h + 5*d = -h + 24. What is the tens digit of h?
1
Suppose -11877 = -4*q - 5*j, -175*j = -5*q - 171*j + 14836. What is the tens digit of q?
6
Suppose -945 = -3*m - 4*m. Suppose -h + m = 4*h. Let y = 68 - h. What is the units digit of y?
1
Suppose 0*i + 654 = 2*f - 5*i, -5*f - 5*i + 1705 = 0. Suppose -f = -5*q + 288. Suppose 4*y = -y + q. What is the tens digit of y?
2
Suppose 0*m = 3*m + 4*r, -5*r = 4*m - 1. Suppose -4*d = 5*t - 379, -m*d = -3*t + 75 + 146. What is the units digit of t?
5
Let k be 1/(-3) + 1155/9. Suppose -4*s + k = -140. What is the tens digit of s?
6
Suppose 24 + 5 = 3*x + 4*w, -20 = -2*x - 3*w. Let j(a) = 4*a**2 - 9*a - 3. What is the hundreds digit of j(x)?
1
Let o(a) = -30*a - 59. What is the hundreds digit of o(-10)?
2
What is the units digit of 30/(-40) + (-7125)/(-12) + -6?
7
Let s(l) = -2*l + 14. Let j be s(11). Let a = 11 + j. Let c(w) = w**3 - 3*w**2 + 4*w - 1. What is the tens digit of c(a)?
1
Let m = -9 + 16. Let y(p) = -m + 19*p + 3*p**3 - 5*p**3 + 3*p**3 - 24*p**2 + 6*p**2. What is the tens digit of y(17)?
2
Let l(v) = -7*v + 8*v**2 - 9 - 22 + 39. What is the units digit of l(2)?
6
Suppose -a + 5*a + 3*s = 141, -3*s = -3*a + 111. Let i(x) = 3*x + 2. Let f be i(4). Let h = f + a. What is the tens digit of h?
5
Let j = -18 - -26. Suppose -2*q = -3*q + 2, -q = -5*o + j. Suppose 5*c - 2*g - 8 = -g, g = -o*c + 6. What is the units digit of c?
2
Suppose 2890 = -47*k + 49*k + 4*t, -4355 = -3*k + 4*t. What is the units digit of k?
9
Suppose 0 = -8*q - 4 - 4. Let i be (q - -2)*(-3 - 2). What is the tens digit of 2*62*i/(-20)?
3
What is the units digit of 2 + 166/(-3 - (-5 + 0))?
5
Let o(n) = -7*n - 23. Suppose 0 = 7*a + 18 + 31. What is the units digit of o(a)?
6
Let r(i) = 10*i + 67. Let q(g) = -g**2 + 9*g + 68. Let p(l) = -3*q(l) + 2*r(l). What is the units digit of p(-6)?
0
Let w be ((-3)/(-9))/(4/804). Suppose w = 3*f - 62. Let d = f - 24. What is the units digit of d?
9
Let p(m) = 25*m**2 - 42*m - 177. What is the tens digit of p(-4)?
9
Let w(x) = 8*x + 29. Let i be w(-4). What is the hundreds digit of ((-191)/i + -4)*3?
1
Suppose 0 = -k + 501 + 480. What is the tens digit of k?
8
Let b = -490 + 825. What is the units digit of b?
5
Suppose 3*t = -3*g + 2193, 5*t + 3665 = 20*g - 15*g. What is the hundreds digit of g?
7
Suppose 247 = x - k, -7*x - 498 = -9*x + 3*k. Suppose 12*z - 9*z = x. What is the units digit of z?
1
Let b(f) = 1304*f**2 - 5*f + 3. What is the thousands digit of b(1)?
1
Let t be ((-4)/6)/((-2)/12). Let a = 20 + t. What is the units digit of (-61)/3*a/(-8)?
1
Let p(s) = -s**3 + 6*s**2 - 5*s + 1. Let u be p(5). Let t be (-1 - u)*45/18. What is the tens digit of (6/(-5) - 2)*t?
1
Suppose 0 = 4*s + 2*h + 138, 191*h = 3*s + 188*h + 81. Suppose m + 1 = -69. Let q = s - m. What is the tens digit of q?
3
Let k be 10/(-6)*(-17 + 14). Suppose 3*y = -y + k*x + 45, -5*y + 3*x = -40. Suppose 0 = -2*n - a + 72, -n + y*a + 58 = -0*n. What is the tens digit of n?
3
What is the units digit of 13/(-78) + 50/12 + 319?
3
Suppose -2*b + b + 8 = 0. Let m(h) = h**3 - 8*h**2 - 2*h + 21. What is the units digit of m(b)?
5
Let w(p) = -p**3 + 8*p**2 - 4*p + 5. Let b be w(7). Let l be (-4)/(-22) + b/(-22). Let y(m) = -5*m. What is the units digit of y(l)?
5
Suppose -a - 6*j + 77 = -7*j, 0 = -4*a + 3*j + 312. What is the units digit of a?
1
Suppose 4*i = 2*i - 5*j + 165, 4*i + 4*j = 312. Let v = i - 29. Suppose v = 5*s - 164. What is the tens digit of s?
4
Let a(g) = g**3 + 9*g**2 + 9*g + 14. Let j(i) = i**2 + 6*i - 13. Let c be j(-7). What is the tens digit of a(c)?
6
Let u(p) = -p - 10. Let m be u(-6). What is the units digit of (-27)/((-68)/16 - m)?
8
Suppose 21*j = 25*j - 7780. What is the thousands digit of j?
1
Let k = 2 + 1. Suppose -k*h + 0 + 6 = 0. Suppose 7 = h*o - 13. What is the tens digit of o?
1
Suppose -3*x + 52 = -d - 0*x, 4*d - 3*x = -235. Let i = d - -72. What is the units digit of i?
1
Suppose -33*f - 1020 = -38*f. What is the hundreds digit of f?
2
Let h(g) = 246*g - 1 + 0 - 284*g. What is the units digit of h(-2)?
5
What is the hundreds digit of (-3)/2 + 4646/4?
1
Let x(z) = 5*z**2 + 8*z - 3. Let i(b) = -11*b**2 - 16*b + 7. Le